{"id":2681,"date":"2025-09-11T20:38:45","date_gmt":"2025-09-11T20:38:45","guid":{"rendered":"https:\/\/www.cvdeaanhawwersj.nl\/?page_id=2681"},"modified":"2026-02-12T17:47:52","modified_gmt":"2026-02-12T17:47:52","slug":"16-02-26-grwatte-optocht","status":"publish","type":"page","link":"https:\/\/www.cvdeaanhawwersj.nl\/?page_id=2681","title":{"rendered":"16-02-26 &#8211; Grwatte optocht"},"content":{"rendered":"\n<p>M\u00e8t ein record aantal deilnummersj van 27 aanmeldingen veur de optocht carnavalsmaondig in Meersje, maoge veer \u00f6s verheuge op ein sjieke b\u00f6nte stoet.<\/p>\n\n\n\n<p>Daom\u00e8t heat de optochtcommissie besjlote um de categorie\u00ebn &#8216;kleine wagens en grwatte groepen&#8217; tot \u00e9in categorie samen te voegen. Ze zeen de l\u00e8tste jaore dat de meiste grwatte groepen aog ein kleine wagen of aanhenger bie zich h\u00f6bbe.<\/p>\n\n\n\n<p>Zaate herremeniekes en einzelg\u00e4ngers hoove zich neet in te sjrieve en ma\u00f6ge gewoon in- en aansjuive es de optocht tr\u00e9k.<\/p>\n\n\n\n<p>\ud835\udde9\ud835\uddfc\ud835\uddf9\ud835\uddf4\ud835\uddfc\ud835\uddff\ud835\uddf1\ud835\uddf2 \ud835\uddfc\ud835\uddfd\ud835\ude01\ud835\uddfc\ud835\uddf0\ud835\uddf5\ud835\ude01 \ud835\udfee\ud835\udfec\ud835\udfee\ud835\udff2:<\/p>\n\n\n\n<p>1. Verrassing<\/p>\n\n\n\n<p>2. CV Achter de Basiliek<\/p>\n\n\n\n<p>3. CV De aanhawwersj<\/p>\n\n\n\n<p>4. Vrouluuj en kinger van de Aanhawwersj<\/p>\n\n\n\n<p>5. CV Sni Sna Sneuvel<\/p>\n\n\n\n<p>6. CV Parels<\/p>\n\n\n\n<p>7. CV Ketelaire 2.0<\/p>\n\n\n\n<p>8. CV de Batsebieters<\/p>\n\n\n\n<p>9. De Batter\u00e4\u00f6fkes<\/p>\n\n\n\n<p>10. Meersje is ein grwat circus<\/p>\n\n\n\n<p>11. JCV De Geulmennekes<\/p>\n\n\n\n<p>12. New Kids Meersje<\/p>\n\n\n\n<p>13. Pizza Italia<\/p>\n\n\n\n<p>14. CV Gans Doorein<\/p>\n\n\n\n<p>15. C.V. De Knuppele<\/p>\n\n\n\n<p>16. CV D\u2019n Import<\/p>\n\n\n\n<p>17. CV Nog N Eurke<\/p>\n\n\n\n<p>18. Quartrir Lapin<\/p>\n\n\n\n<p>19. JCV De Koelek\u00f6pkes<\/p>\n\n\n\n<p>20. Tjoeba\u2019s<\/p>\n\n\n\n<p>21. CV Bam Bam Bam<\/p>\n\n\n\n<p>22. CV Picobello<\/p>\n\n\n\n<p>23. Fam. Doorrein<\/p>\n\n\n\n<p>24. Schnaps Squad<\/p>\n\n\n\n<p>25. CV Oejoej<\/p>\n\n\n\n<p>26. C.V. de Struukedukers<\/p>\n\n\n\n<p>27. CV Sjots en Sjeif<\/p>\n\n\n\n<p>\ud835\udde2\ud835\uddfd\ud835\ude00\ud835\uddf7\ud835\ude01\u00e8\ud835\uddf9\ud835\uddf9\ud835\uddf2 \ud835\uddfc\ud835\uddfd\ud835\ude01\ud835\uddfc\ud835\uddf0\ud835\uddf5\ud835\ude01:<\/p>\n\n\n\n<p>Veur ut opsjt\u00e8lle veuraaf weure de volgende straote gebruikt:<\/p>\n\n\n\n<p>Koning Lodewijkstraat-kerkweg-pastoor Geelenplein. Lede van de optochtcommissie begeleide de groepen en of wagens naor hun pl\u00e8kke.<\/p>\n\n\n\n<p>Ut optochtnummer k\u00e8nt opgehoold weure vanaaf 13 oor bie de Gemeinschapshoes de Koel.<\/p>\n\n\n\n<p>\ud835\udde2\ud835\uddfd\ud835\ude01\ud835\uddfc\ud835\uddf0\ud835\uddf5\ud835\ude01 \ud835\uddff\ud835\uddfc\ud835\ude02\ud835\ude01\ud835\uddf2:<\/p>\n\n\n\n<p>De optocht start vanaaf 14:00 oor vanaaf Past. Geelenplein Rothem\u23f0<\/p>\n\n\n\n<p>De route geit vervolgens via:<\/p>\n\n\n\n<p>Kerkweg-Klinkenberg-Tussen de Bruggen-Stationstraat- Bunderstraat-Charles Eijckstraat-Past dom Hexstraat-Nicolaas Creftenstraat-Past. Goswijn a Castrostraat-Past.Nicolaus de Streckenstraat-Gasthuisstraat-Beekstraat-Kruisstraat-M\u00e8rt Meersje<\/p>\n","protected":false},"excerpt":{"rendered":"<p>M\u00e8t ein record aantal deilnummersj van 27 aanmeldingen veur de optocht carnavalsmaondig in Meersje, maoge&#8230;<\/p>\n","protected":false},"author":3895,"featured_media":0,"parent":0,"menu_order":0,"comment_status":"closed","ping_status":"closed","template":"","meta":{"footnotes":""},"class_list":["post-2681","page","type-page","status-publish","hentry"],"_links":{"self":[{"href":"https:\/\/www.cvdeaanhawwersj.nl\/index.php?rest_route=\/wp\/v2\/pages\/2681","targetHints":{"allow":["GET"]}}],"collection":[{"href":"https:\/\/www.cvdeaanhawwersj.nl\/index.php?rest_route=\/wp\/v2\/pages"}],"about":[{"href":"https:\/\/www.cvdeaanhawwersj.nl\/index.php?rest_route=\/wp\/v2\/types\/page"}],"author":[{"embeddable":true,"href":"https:\/\/www.cvdeaanhawwersj.nl\/index.php?rest_route=\/wp\/v2\/users\/3895"}],"replies":[{"embeddable":true,"href":"https:\/\/www.cvdeaanhawwersj.nl\/index.php?rest_route=%2Fwp%2Fv2%2Fcomments&post=2681"}],"version-history":[{"count":2,"href":"https:\/\/www.cvdeaanhawwersj.nl\/index.php?rest_route=\/wp\/v2\/pages\/2681\/revisions"}],"predecessor-version":[{"id":3254,"href":"https:\/\/www.cvdeaanhawwersj.nl\/index.php?rest_route=\/wp\/v2\/pages\/2681\/revisions\/3254"}],"wp:attachment":[{"href":"https:\/\/www.cvdeaanhawwersj.nl\/index.php?rest_route=%2Fwp%2Fv2%2Fmedia&parent=2681"}],"curies":[{"name":"wp","href":"https:\/\/api.w.org\/{rel}","templated":true}]}}